s 48260074673 a prime number?
True
Is 2592881283 a prime number?
False
Is 33055203485 composite?
True
Is 5459072755 composite?
True
Is 2711235503 a composite number?
False
Is 108894290123 composite?
False
Is 77753861522 a prime number?
False
Is 2515264633 a composite number?
True
Is 89192483 composite?
True
Is 1236400369 a composite number?
True
Is 19262451259 a prime number?
True
Is 13899279547 prime?
True
Is 188990801 prime?
False
Is 19354734283 a prime number?
False
Is 2513288489 composite?
False
Is 191273008903 a composite number?
False
Is 617637619 a composite number?
False
Is 300973201 composite?
False
Is 77301273559 a prime number?
False
Is 4150930009 composite?
False
Is 43716457483 composite?
False
Is 279469181 a prime number?
False
Is 49752517391 prime?
True
Is 5193616543 a prime number?
True
Is 26618623331 composite?
False
Is 9544263611 composite?
False
Is 210677406587 a composite number?
False
Is 4816024835 composite?
True
Is 6059022469 prime?
True
Is 370843183 composite?
False
Is 8715170789 a composite number?
True
Is 151759877 composite?
True
Is 478471289 a composite number?
False
Is 3052676293 a prime number?
True
Is 1721980769 prime?
True
Is 1237469813 a composite number?
True
Is 110222602427 prime?
False
Is 23101575535 a composite number?
True
Is 181107786507 a composite number?
True
Is 5916904231 composite?
True
Is 63799252877 a composite number?
False
Is 4760322851 a prime number?
True
Is 104651866301 a composite number?
True
Is 448988257 a prime number?
True
Is 86599508817 a prime number?
False
Is 530198521 composite?
False
Is 1267135867 prime?
True
Is 242330569 composite?
True
Is 11641113347 a prime number?
True
Is 57060921569 composite?
True
Is 6289803241 prime?
False
Is 27062679223 a composite number?
True
Is 2685863569 prime?
False
Is 1852107977 a composite number?
False
Is 30783721051 a composite number?
True
Is 140102777 composite?
True
Is 78875742767 a prime number?
True
Is 503863667 a composite number?
True
Is 867027739 composite?
False
Is 95861953085 prime?
False
Is 16644612269 a prime number?
True
Is 2638648213 composite?
False
Is 33014977 a prime number?
False
Is 6405826333 composite?
True
Is 14610096691 a composite number?
False
Is 50758639039 composite?
True
Is 13523453247 composite?
True
Is 7095194039 a composite number?
True
Is 3486486109 a prime number?
True
Is 2776945781 a prime number?
False
Is 1779186967 composite?
False
Is 114442277 composite?
True
Is 6542461381 prime?
True
Is 90578959 composite?
False
Is 293319449 a prime number?
True
Is 5303377187 composite?
True
Is 17058116753 prime?
True
Is 363333643 composite?
False
Is 308261137 a composite number?
False
Is 4523495651 prime?
True
Is 2344414823 composite?
True
Is 14480256613 composite?
False
Is 162447239 composite?
True
Is 358212877331 a composite number?
False
Is 7851705739 composite?
False
Is 4917354089 a composite number?
False
Is 64143198551 a prime number?
False
Is 6725181061 a prime number?
True
Is 21585364315 composite?
True
Is 309884287 a composite number?
True
Is 3360215735 a composite number?
True
Is 66291263141 a prime number?
True
Is 40419373 a prime number?
True
Is 48288845321 a prime number?
False
Is 16739781001 a prime number?
True
Is 520529462 prime?
False
Is 468093077 a composite number?
True
Is 133796137 composite?
True
Is 38142060299 composite?
True
Is 1648035217 a composite number?
True
Is 352727939 a composite number?
False
Is 369539389 prime?
True
Is 2886133949 a composite number?
False
Is 2595322127 composite?
False
Is 11431197499 prime?
False
Is 3463481039 composite?
False
Is 57156734243 a prime number?
False
Is 5337348473 a composite number?
False
Is 664815467 composite?
False
Is 1420233229 a composite number?
False
Is 2256708893 composite?
True
Is 288401299 a composite number?
True
Is 104607371 a prime number?
False
Is 589898887 prime?
False
Is 1579118347 a composite number?
False
Is 886323481 prime?
True
Is 6183459071 a composite number?
False
Is 89179723 prime?
True
Is 91901397961 prime?
False
Is 453085467961 a prime number?
False
Is 82693109 a composite number?
False
Is 1408064387 a composite number?
False
Is 2326887933 a composite number?
True
Is 7891333262 a composite number?
True
Is 176606337749 a composite number?
False
Is 11285493011 a prime number?
False
Is 1569862919 a prime number?
True
Is 4775067853 composite?
False
Is 492985624717 a prime number?
True
Is 1115318483 prime?
True
Is 825693727 composite?
False
Is 7801959349 prime?
False
Is 26056912109 prime?
True
Is 60681601213 prime?
False
Is 692861671 a composite number?
False
Is 221120372437 prime?
False
Is 11300650859 a composite number?
False
Is 29480686997 composite?
False
Is 17920039301 a composite number?
False
Is 6849679019 a prime number?
True
Is 312693152129 a prime number?
True
Is 3949817441 a prime number?
False
Is 29341884149 a prime number?
True
Is 41867998127 composite?
False
Is 6179254931 composite?
True
Is 1535493991 a prime number?
True
Is 8034812303 a composite number?
True
Is 573895159 prime?
True
Is 297225800633 composite?
False
Is 130995078407 composite?
True
Is 79528721 a prime number?
True
Is 88039327 prime?
True
Is 1325113247 a composite number?
False
Is 111588751783 a composite number?
True
Is 144464347 prime?
True
Is 6327611831 a composite number?
False
Is 1294436233 a prime number?
True
Is 3556227377 a composite number?
True
Is 1493406989 a prime number?
False
Is 2639596291 composite?
False
Is 64269978517 a composite number?
False
Is 131012699 a prime number?
False
Is 2213922149 a prime number?
False
Is 55250215921 a composite number?
True
Is 944552129 a prime number?
False
Is 3016853223 composite?
True
Is 294245657 composite?
False
Is 17125641511 composite?
True
Is 1219072717 a prime number?
False
Is 1426350427 composite?
False
Is 58629023 prime?
False
Is 51009037229 prime?
False
Is 16596290717 a composite number?
True
Is 28281635497 a prime number?
True
Is 26371379401 a composite number?
True
Is 212292191 prime?
True
Is 17424164647 a composite number?
True
Is 772485451 prime?
False
Is 10129298671 a composite number?
True
Is 7975320961 a prime number?
True
Is 2607520441 a composite number?
False
Is 3717239909 a prime number?
False
Is 1907121971 a composite number?
False
Is 9124663549 a prime number?
True
Is 2713323421 composite?
False
Is 7016465119 composite?
False
Is 462773693 a prime number?
False
Is 183121142 a prime number?
False
Is 362090051 prime?
True
Is 163725959 prime?
True
Is 1974932299 a composite number?
False
Is 1618420483 composite?
False
Is 12698237641 a composite number?
False
Is 237002114873 a composite number?
False
Is 11424800323 composite?
False
Is 34027283 composite?
False
Is 8941102439 prime?
True
Is 100693273 prime?
True
Is 9336085777 composite?
False
Is 500129101 prime?
True
Is 635562121 a prime number?
False
Is 100234067 composite?
True
Is 1220628443 prime?
True
Is 3365406803 a composite number?
True
Is 333822119 a composite number?
True
Is 2279442641 prime?
False
Is 165978024229 prime?
True
Is 51095687 composite?
False
Is 1182682939 prime?
False
Is 3562852897 a prime number?
True
Is 13461900841 a composite number?
False
Is 19427599 prime?
True
Is 121529381 composite?
True
Is 837064451 a composite number?
False
Is 1259020129 a prime number?
False
Is 919414711 a prime number?
True
Is 1155478979 a composite number?
False
Is 15260332613 prime?
False
Is 4002022807 prime?
True
Is 9690907 a composite number?
False
Is 7294100293 a prime number?
False
Is 54811961 a composite number?
True
Is 1180831087 a prime number?
True
Is 244443934799 a composite number?
False
Is 107921621 a prime number?
False
Is 53997752149 a prime number?
False
Is 568301471 a prime number?
True
Is 13978780211 prime?
False
Is 203905393 composite?
False
Is 1055103677 composite?
False
Is 93013647319 a composite number?
False
Is 10346930927 a prime number?
False
Is 6434031589 composite?
False
Is 902268391 composite?
True
Is 111928657 composite?
False
Is 66295313633 a prime number?
True
Is 5179690877 prime?
True
Is 96533207 prime?
True
Is 1827335401 prime?
True
Is 6415682047 a composite number?
False
Is 1949686967 a composite number?
True
Is 15722995447 a prime number?
True
Is 174515150449 prime?
True
Is 39434704979 composite?
True
Is 461777201 com